alculate (-44 - -50) + (-10 - (-6 + 3)) - -2.
1
What is the value of 0 + (-4 - -8) + -2 + -3 + 0?
-1
Calculate 2 + -30 - 11 - -19.
-20
-10 + (-10 - (4 + -10) - -5) + 1
-8
What is the value of 6 + (1 + 1 - -2) + (13 - 5)?
18
(-262 + 260 - (1 + -11 + 1)) + 6
13
-2 + 9 + (-9 - (-15 - -10)) + 11
14
What is (1 - 8) + (193 - 193) - -8?
1
Calculate 8 + (18 - (36 - 24)).
14
Calculate 24 + -18 + -10 + (-8 - 2).
-14
What is -1 + 2 - ((6 - 13) + (-3 - 1))?
12
Calculate (5 - 2) + (-1 - 4) + 35 + -35.
-2
What is (-6 - -26) + 5 - 10?
15
What is the value of (-11 - (-12 - -13)) + 5?
-7
What is the value of (980 - 979) + -1 + 23?
23
What is (16 - (4 - -5) - -12) + -10?
9
Evaluate 10 + -6 + -4 + 2 - (13 + -2).
-9
Calculate 10 - 8 - (-3 - 9).
14
What is the value of -13 - (25 + -50 - -6)?
6
Calculate (-4 - (-7 - -12)) + 8 + -14.
-15
What is -2 + 10 - (443 + -437)?
2
Calculate 1 + 28 + (-25 - -20).
24
-31 - (2 - (-4 - -16)) - -32
11
Evaluate (14 - (-23 + 24)) + -20.
-7
Calculate 15 - (15 + (-16 - -43) - -1).
-28
Evaluate 7 + -15 + -14 + 24 - (14 - 0).
-12
Evaluate (-7 - ((0 - 1) + -1)) + (2 - -4).
1
What is 4 + (-30 - -59) + (-2 - 1)?
30
What is 12 - (1 - 10 - (-7 + -20))?
-6
Evaluate -2 + -2 + -2 + 1 + 9 + -12.
-8
What is -2 - 3 - (7 + (-7 - 3) + 4)?
-6
What is the value of -4 + (3 - 3) - (4 - -10)?
-18
What is the value of 2 + 2 + (2 - (-11 - (-44 - -14)))?
-13
Calculate 15 + (-23 - -22) + -6 + 3 + 0.
11
-5 + 3 + -6 - (-52 + 56)
-12
Calculate -7 + 1 + 23 + 16 + -35.
-2
(-4 - 6) + 3 - (25 + -24)
-8
Evaluate -51 + (13 - -23) + -16.
-31
-2 + -2 - (215 - 202)
-17
Evaluate (0 - 9) + (-7 + 2 + 1 - -4).
-9
Calculate -13 + (75 + -20 - 23).
19
Calculate 269 + -257 - (-1 - 1).
14
What is 1 - ((9 - 1) + -14 - -1)?
6
Evaluate -15 - (-29 - (18 + -25)).
7
Calculate 24 + (-13 - (0 - -14)).
-3
What is the value of 2 + (2 + 0 - 5 - (5 - 15))?
9
What is the value of -12 + 43 + (6 - 11) + -5?
21
What is -19 - (-9 - (1 + 4))?
-5
74 + -45 + -14 - (28 - 0)
-13
What is the value of 7 - (13 - 25) - 3?
16
18 + -16 + -1 + -2 - 1
-2
(106 - 99) + 0 + 9 - -2
18
What is the value of (-4 + 6 - 8) + 5?
-1
Calculate (-7 - -2 - (-6 - -1) - -8) + 18.
26
What is the value of (-12 - 48 - -53) + (0 - 1) + -1?
-9
Evaluate -31 + (42 - 52 - -5).
-36
6 + (5 - 4) + -36 + 8
-21
1 - ((-6 - (-2 + 5)) + 5)
5
What is the value of (-6 - 2) + -17 + 22 + 13 + 1?
11
Evaluate (6 - (-11 - -24)) + -7.
-14
20 + (-29 - -15 - 5)
1
Calculate -10 + -13 + (-5 - -27) - (0 - 20).
19
Calculate -2 - -1 - (-3 - 14 - -1 - -13).
2
Calculate (26 + 6 - 27) + (-6 - 1).
-2
What is -2 - ((2 - 2) + 2) - (-223 - -207)?
12
What is (-20 - 5) + 19 + (-4 - 0)?
-10
Evaluate (-2 - (-3 - -10)) + (9 + -7 - -2).
-5
Calculate 1 - (6 + 1 - (22 - 12)).
4
What is -3 + 7 - (-204 - -191)?
17
What is the value of -40 + 18 - (-73 - -41)?
10
What is 11 - (19 + (-14 - -26))?
-20
What is 5 + -13 + 29 - 16?
5
What is (-2 - -2) + (-3 - -2) - (-14 + 2)?
11
What is 31 + -26 + -9 + (3 + 0 - -18)?
17
Evaluate -7 + 0 + 6 + -1 + 13.
11
5 - (-40 + 10) - (3 + -1 + 2)
31
Evaluate 10 - ((10 + 13 - 14) + (1 - 9)).
9
3 + 3 + -1 + (-17 - -2 - -11)
1
What is the value of -17 + (10 - -23) + 5?
21
Evaluate (-101 - -116) + (-1 - 19).
-5
What is the value of -20 - (5 + -8 + (-7 - (0 + -6)))?
-16
What is the value of 9 + 12 + (-16 - 8)?
-3
(187 - 178) + -6 + (1 - -1)
5
Calculate 0 + -9 + -2 - (64 - (144 - 101)).
-32
Evaluate 6 + -9 + (-29 - -7).
-25
Evaluate 1 + -4 + 1 + 0 + 21.
19
What is 2 + 3 - ((5 + -4 - -7) + 11)?
-14
What is the value of -3 + (19 - 8) + (-4 - -2) + -3?
3
What is the value of -7 + (0 - (1 + -9) - (19 - -2))?
-20
7 + 3 + 7 + (-12 - (6 - 14))
13
3 + -9 + 5 + (-2 + 0 - 9)
-12
What is the value of (1 - (-17 - -5 - -9)) + 7?
11
What is the value of ((0 - 7) + 40 + -38 - 6) + -1?
-12
Evaluate (27 - 4) + 13 - 29.
7
(0 - (-3 - -1)) + -19 + 52 + -36
-1
What is (-1 - 29) + -1 - (24 - (-28 - -48))?
-35
Calculate -11 - (9 - (-4 + 6)) - (-2 - -6).
-22
What is -42 + 83 - (-1 + 1 + 5)?
36
Calculate (5 - (36 + -15)) + 20.
4
Calculate 1 + 9 - (19 + (11 - 21) + -4).
5
What is -45 - (-2 - ((11 - (-10 + 19)) + 6))?
-35
What is the value of (-17 - -22) + (20 - 42)?
-17
Evaluate 34 - (7 - -18) - (-11 + 3 + -3).
20
8 - (-9 + -12 + 18 - -20)
-9
Evaluate -1 + -2 - (0 + 1 + -14 + 0).
10
3 - -12 - 8 - -7
14
0 + -23 - 1 - (197 + -214)
-7
Calculate 33 + (0 - -6) + 3 + -8 + -7.
27
What is 5 - (0 + 3 - (5 + -3))?
4
Calculate -6 + (-6 + -1 - -15).
2
What is the value of -7 - (-8 + 2) - (-1 - 1) - -3?
4
Evaluate (2 - -1 - (25 - (38 + -21))) + 16.
11
Calculate (0 - 0) + -11 + 15 + 0.
4
Evaluate 9 + -2 + -27 + 10 + 23.
13
(14 + -12 - (9 - 10)) + -3 + -1
-1
Calculate 0 + 0 + -4 + 12 - 8.
0
What is -4 + (53 - 57) + -1 + -10?
-19
What is -5 + -5 + (0 - 0) - (-25 + 26)?
-11
What is -16 + (-14 - -19) - -22?
11
What is 6 - (-18 - -11 - (2 - (17 + 3)))?
-5
What is 25 - (-3 - 6) - (30 - 20)?
24
Evaluate (0 - 9) + -5 + (-7 - -18 - 4).
-7
Evaluate 5 + (-3 + (-27 - -12) - 8).
-21
Calculate (13 - (-8 - -23)) + -13.
-15
What is the value of 9 + -8 + -9 - -14?
6
What is the value of 3 + -7 - (-6 - (3 - 2 - 2))?
1
Calculate -5 - (4 + (0 - 9 - (23 + -24))).
-1
(82 - 88) + 3 + (-1 - 0) - -4
0
39 + -40 + 38 - 18
19
Calculate (170 - 121) + (-8 - 17).
24
What is the value of (-7 - (-1 - -2)) + 84 + -75?
1
-2 - (-16 + -11 + 7) - 7
11
What is the value of -16 + (-26 - -17) + 14?
-11
Calculate 3 + (-1 - ((12 - 3) + -2)).
-5
Calculate 12 - ((8 - (-1 - -1)) + (2 - 4)).
6
What is the value of (-40 - (-27 - -7)) + (-2 + 3 - -4)?
-15
What is (-10 - -9) + 55 + -58?
-4
What is -1 + -17 + 29 - 18?
-7
Calculate -355 + 347 - (9 - 1 - -1).
-17
What is (15 + 1 - 0) + -16?
0
What is 11 + (0 - 13) - (-5 - (3 + -10))?
-4
Evaluate (-5 - -16) + -3 + (60 - 59).
9
-4 - -4 - (0 - 0 - (-1 + 5))
4
(7 - 1 - 3) + (3 - -4)
10
Evaluate -21 - (-20 - -1 - -11).
-13
What is (-6 - (7 + -13 + -9)) + -15?
-6
What is 27 - (7 - (7 + 4 + -10)) - 9?
12
Evaluate -3 - (7 - (8 + -18) - 7).
-13
Evaluate 7 + (-7 + 1 - -5 - 2).
4
Calculate -8 + -3 + 8 - (5 + 4 - 1).
-11
-6 + (-12 - (-27 - 19))
28
Evaluate -12 + -1 + (-11 - -9) + (-1 - -7).
-9
Evaluate (-6 - -11) + 1 + -6.
0
What is the value of (-4 - (-5 - (-5 + -3))) + 12 + 5?
10
Calculate -18 + (1 - -2) - (-8 - -2).
-9
What is 38 + 0 + -609 + 588?
17
Evaluate -1 + 2 + -5 + -710 + 703.
-11
What is -6 - (-6 + 9) - -21?
12
Calculate (17 - (0 + -5)) + 88 + -70.
40
Calculate (0 - -1) + -9 + (34 - (-4 - -22)).
8
What is -1 - -4 - (-8 - (13 - (4 + 13)))?
7
-33 - (25 - (104 + -39))
7
What is 0 + -4 - (-671 - -668)?
-1
11 + -3 - -2 - (10 + (-18 - -4))
14
22 - 41 - -40 - ((-1 - 4) + 2)
24
(80 + -149 - -74) + (-25 - 1 - -1)
-20
Evaluate -5 - (-16 - -1) - (-3 + 0) - 7.
6
What is the value of 4 - -11 - 26 - (17 + -5)?
-23
Calculate 7 + -1 - (-68 + (56 - -14)).
4
Evaluate (-14 - -2) + -45 + 51.
-6
Evaluate -19 - (-26 - (-21 + 32)).
18
What is -4 + -13 + 9 - -11?
3
What is 7 - -8 - (-5 + 6 - 6 - -6)?
14
Calculate 13 - (-21 + 13) - 39.
-18
(5 + (-12 - 4) - -17) + -8 + -3
-5
Calculate 14 + -4 - 4 - (9 - 4).
1
What is (2 - -11) + -16 + -14 - (9 + -1)?
-25
(3 - -7) + -10 + 7
7
What is the value of -6 - ((3 - -6) + 7 - 9)?
-13
Evaluate 4 - (24 + (-2 - (-5 + 3 + 4))).
-16
What is the value of 9 + (-4 - -5 - (-2 + (-7 - -4)))?
15
1 + -5 + 13 + -14 - -4
-1
-6 - (5 - (-6 + -6 + 9))
-14
Evaluate 4 - (12 + -5 - 0 - 18 - 7).
22
-1 - (1 + -7) - -16 - (24 - 18)
15
-23 + 14 - (6 - 1)
-14
What is (1 - -17 - (-51 - -58)) + 3 + -3?
11
-4 - ((-2 - -2) + 17 + 1 + 8)
-30
What is the value of -6 - ((-1 - 21) + (-52 - -57))?
11
What is -2 - (-6 - (-6 - -20) - (-8 - 0))?
10
Evaluate 36 + -66 - (-43 - -37).
-24
What is (-9 + 0 - 0) + (-150 - -153) - -4?
-2
Calculate -9 + (-7 - 1) + 11.
-6
3 - ((26 - 14) + -9)
0
What is (15 + -21 - 17) + (0 - (-1 - 2))?
-20
Calculate -4 + 4 + (-4 - -8) + -4 + 0.
0
Evaluate (-2 - (27 + -41)) + -4.
8
19 + 0 - ((4 - 5 - 3) + 0)
23
Calculate 34 + -38 + 29 + -13.
12
What is 10 + (-1 - -2) + -129 + 111?
-7
Calculate (-9 + 11 - -1) + (5 - (-6 + 20)).
-6
What is (1 - -4) + -17 - -7 - -11?
6
What is the value of 16 + -19 + (39 - 19)?
17
What is the value of -11 + 6 - (20 + -17)?
-8
-13 - (-14 + -6 + 2) - (-3 - 3)
11
Calculate -1 + 11 - (32 + 0) - (-7 + 0).
-15
What is (5 + -1 - -3) + (-5 - 3) + -2?
-3
Calcula